e?
False
Is 36989003 prime?
False
Is 897523427 composite?
True
Is 1754087171 composite?
False
Is 5956522939 a prime number?
True
Is 804541033 prime?
False
Is 7570053553 composite?
True
Is 68478367623 a composite number?
True
Is 6449436439 a prime number?
True
Is 103395731 composite?
False
Is 415822559 prime?
True
Is 1752706589 prime?
True
Is 121954281521 a prime number?
True
Is 445850477 composite?
True
Is 19533793 a prime number?
True
Is 46599145 a composite number?
True
Is 2959079737 prime?
True
Is 1032027979 a composite number?
True
Is 3161701843 composite?
False
Is 1715987011 a prime number?
True
Is 276740245 a prime number?
False
Is 17716979051 prime?
False
Is 11160570709 composite?
True
Is 20477591 composite?
False
Is 78108706567 prime?
True
Is 700423994 composite?
True
Is 5504535311 composite?
True
Is 809631029 a composite number?
False
Is 397207561 a prime number?
False
Is 351483331 prime?
True
Is 159841869359 a composite number?
True
Is 3285229522 composite?
True
Is 6625841837 a prime number?
False
Is 27264228841 composite?
True
Is 48149 prime?
False
Is 26044575131 a prime number?
False
Is 758322177 prime?
False
Is 28206772735 prime?
False
Is 79089143083 a prime number?
True
Is 1832046661 a prime number?
True
Is 4525805447 composite?
False
Is 709284451 a composite number?
False
Is 138446318089 a composite number?
False
Is 2752438189 composite?
True
Is 10922637313 composite?
True
Is 3344293067 prime?
True
Is 216060449 a composite number?
True
Is 4856504537 composite?
True
Is 659626291 prime?
True
Is 31463491873 a prime number?
False
Is 2275696469 a prime number?
True
Is 299314347607 a composite number?
True
Is 8180231558 prime?
False
Is 2142246709 prime?
True
Is 193365457 prime?
False
Is 13060936781 a prime number?
True
Is 6406570693 a prime number?
False
Is 1671180151 composite?
True
Is 14699244815 a composite number?
True
Is 1968393253 prime?
False
Is 702079171 a composite number?
False
Is 9387326633 prime?
True
Is 26938814909 composite?
True
Is 3590576789 prime?
True
Is 8120110589 prime?
True
Is 8622783857 a prime number?
True
Is 129870511 a composite number?
True
Is 1423575607 a prime number?
True
Is 72745718785 composite?
True
Is 1351849536361 a prime number?
True
Is 3625967827 prime?
True
Is 91487818573 prime?
False
Is 1055278241 a prime number?
True
Is 1989578847 prime?
False
Is 1674897143 a composite number?
False
Is 1334344381 a composite number?
True
Is 3969672145 a prime number?
False
Is 2946058187 a prime number?
True
Is 273769481 prime?
False
Is 22129273 prime?
True
Is 100388677879 a composite number?
True
Is 5224464373 prime?
True
Is 84323711 a prime number?
True
Is 8362921109 prime?
True
Is 126467640037 a composite number?
True
Is 807655899 prime?
False
Is 470215111 composite?
False
Is 1862415389 a composite number?
True
Is 1553424517 composite?
False
Is 3666844271 a prime number?
False
Is 61530893023 prime?
True
Is 6424919617 prime?
True
Is 14659130677 a prime number?
False
Is 278429399 composite?
False
Is 10825298023 a composite number?
True
Is 80902179697 prime?
True
Is 46055260841 prime?
False
Is 40786995229 composite?
False
Is 7421329 prime?
True
Is 4627146039 composite?
True
Is 1984397501 a composite number?
True
Is 20242618999 prime?
True
Is 19140193649 a prime number?
False
Is 16810097971 prime?
True
Is 6305501843 a composite number?
True
Is 12487384667 composite?
False
Is 262260569 composite?
True
Is 4025183753 prime?
True
Is 664750318 prime?
False
Is 537248183 a prime number?
True
Is 880666673 composite?
True
Is 1585530041 composite?
True
Is 53406125417 prime?
True
Is 28839125531 a prime number?
True
Is 2296719869 a prime number?
True
Is 4189881057 a composite number?
True
Is 3216773099 composite?
True
Is 8072003881 prime?
True
Is 5660284853 a prime number?
True
Is 103346118067 composite?
True
Is 39455589479 prime?
True
Is 12866864903 composite?
False
Is 64611522485 composite?
True
Is 7942683727 prime?
False
Is 8594620561 composite?
True
Is 6602384813 a composite number?
False
Is 1710884533 composite?
False
Is 238254911 composite?
False
Is 92461859947 composite?
True
Is 10817234159 a composite number?
False
Is 7612374059 a prime number?
False
Is 228582143 prime?
False
Is 12576751 a prime number?
False
Is 857194931 composite?
False
Is 767150414 a prime number?
False
Is 1604377837 a composite number?
False
Is 117602270827 a prime number?
True
Is 1523723731 a composite number?
False
Is 60227544865 a composite number?
True
Is 2787474187 a prime number?
True
Is 498693617 prime?
True
Is 44164441385 a composite number?
True
Is 3897143573 composite?
False
Is 195702041 prime?
False
Is 8597300311 composite?
False
Is 80489721149 composite?
False
Is 28210724357 a composite number?
False
Is 12701933543 a prime number?
False
Is 3886697299 a composite number?
False
Is 3239042809 composite?
False
Is 10346445821 prime?
True
Is 5641369651 prime?
True
Is 402417108991 composite?
False
Is 1913178541 prime?
True
Is 35031285273 a composite number?
True
Is 26655587 a composite number?
True
Is 22340587 a prime number?
True
Is 101960931883 composite?
False
Is 13577292409 composite?
False
Is 90026297 a composite number?
False
Is 2012074577 a prime number?
True
Is 4592810309 a composite number?
True
Is 956957923 prime?
False
Is 9673645637 a prime number?
True
Is 4311339377 a prime number?
True
Is 1486240271 a composite number?
False
Is 719377091 prime?
True
Is 1993169263 a composite number?
False
Is 326084113 a composite number?
True
Is 2112938671 a composite number?
False
Is 3913966601 a composite number?
False
Is 2024718439 prime?
True
Is 201288643 prime?
True
Is 41380561541 a composite number?
True
Is 155738691803 prime?
False
Is 9402715438 prime?
False
Is 27871783189 a composite number?
False
Is 12403582171 a composite number?
False
Is 60284849291 a composite number?
False
Is 1525297469 composite?
False
Is 2667848581 a prime number?
False
Is 2530020413 prime?
True
Is 53189566033 a prime number?
True
Is 4564650491 composite?
False
Is 4769462833 a composite number?
True
Is 31819690403 a composite number?
False
Is 3333704053 prime?
False
Is 5616162221 prime?
True
Is 805382821 a prime number?
False
Is 3445555177 prime?
False
Is 240855397 a composite number?
True
Is 146736257 prime?
True
Is 467338957 prime?
False
Is 54245960047 a prime number?
True
Is 3605571367 a composite number?
True
Is 52202044429 a composite number?
True
Is 739852558 composite?
True
Is 1340986429 a composite number?
True
Is 688125437 a composite number?
True
Is 946324663 a prime number?
True
Is 6888446707 a composite number?
False
Is 3239779667 prime?
True
Is 40037278579 prime?
False
Is 223525807 a prime number?
False
Is 210683969 composite?
True
Is 53546083949 a composite number?
True
Is 25770994883 composite?
True
Is 939038257 a composite number?
True
Is 17303809933 composite?
False
Is 2976965447 composite?
False
Is 2051114867 prime?
False
Is 25201651393 prime?
True
Is 4385269195 composite?
True
Is 19656441109 a composite number?
False
Is 175866133 composite?
False
Is 93304735777 composite?
True
Is 190197983 prime?
False
Is 2401602967 a composite number?
True
Is 3249616235 composite?
True
Is 395240093 prime?
False
Is 4673354867 a prime number?
True
Is 25514538535 prime?
False
Is 1052755723 a prime number?
True
Is 270788447 a composite number?
False
Is 21143436953 prime?
False
Is 103209959 a composite number?
False
Is 10174222547 composite?
True
Is 994534399 a composite number?
True
Is 1903495873 a prime number?
False
Is 1199999291 a composite number?
False
Is 853935617 a prime number?
False
Is 28020265157 composite?
False
Is 24451872091 prime?
True
Is 496359859 prime?
True
Is 5511485801 a composite number?
False
Is 2282644627 a prime number?
True
Is 264970859 composite?
True
Is 36701538439 a composite number?
True
Is 36581500349 prime?
True
Is 6607625689 composite?
True
Is 9350902597 composite?
True
Is 9344893969 composite?
False
Is 4007741141 a composite number?
False
Is 984689071 prime?
False
Is 17587476587 a composite number?
False
Is 310153553 composite?
False
Is 656917633091 composite?
False
Is 661197759 prime?
False
Is 91684849 a composite number?
True
Is 1381139153 composite?
True
Is 390597919 a prime number?
True
Is 6348272041 composite?
False
Is 376619